x + 170. Calculate q(2).
18
Let b(q) = 142*q - 727. What is b(5)?
-17
Let f(d) = -2*d**2 + 48*d - 43. Calculate f(19).
147
Let i(r) = -49*r - 26. Calculate i(-2).
72
Let q(c) = 110*c + 861. Give q(-8).
-19
Let r(x) = -522*x + 17. Give r(0).
17
Let v(x) = -56*x**2 - 3252*x - 226. Give v(-58).
6
Let l(w) = -2*w**3 + 32*w**2 + 5*w - 100. Calculate l(16).
-20
Let c(v) = -8*v - 447. Calculate c(-53).
-23
Let c(i) = -1090*i - 5455. Determine c(-5).
-5
Let z(f) = f**3 + 20*f**2 + 83*f + 56. Calculate z(-5).
16
Let b(v) = v**3 + 8*v**2 - 255*v - 2207. Calculate b(-9).
7
Let d(j) = -j**3 - 10*j**2 + 34*j + 342. Give d(-10).
2
Let q(v) = -2*v**2 + 67*v - 561. Calculate q(18).
-3
Let m(c) = -c**2 + 25*c - 47. Determine m(22).
19
Let l(t) = -t**3 - 10*t**2 + 8*t - 99. What is l(-12)?
93
Let c(b) = 95*b - 2641. Calculate c(28).
19
Let z(n) = 11*n - 222. What is z(21)?
9
Let q(k) = -k**3 + 9*k**2 + 15*k - 159. Determine q(9).
-24
Let g(i) = -61*i + 146. Determine g(2).
24
Let g(l) = -18*l**2 + 121*l + 32. Determine g(7).
-3
Let v(p) = -22*p + 405. Determine v(20).
-35
Let d(x) = x**3 + 9*x**2 - 742*x - 5232. Determine d(-7).
60
Let i(o) = 13*o**2 - 572*o - 584. Give i(45).
1
Let f(k) = 2*k**2 + 98*k - 6165. Determine f(-85).
-45
Let o(w) = -4*w**2 + 34*w + 15. What is o(11)?
-95
Let c(s) = -694*s + 277. Calculate c(1).
-417
Let c(o) = 35*o**2 + 252*o - 7. Calculate c(-5).
-392
Let s(u) = u**3 - 68*u**2 - 290*u. Determine s(-4).
8
Let o(i) = -637*i**2 + 18475*i - 56. Calculate o(29).
2
Let w(d) = 5*d**3 - 162*d**2 - 82*d - 555. Give w(33).
6
Let n(t) = -86*t + 76. Calculate n(-3).
334
Let w(u) = -u**3 + 33*u**2 - 5*u + 195. Calculate w(33).
30
Let l(c) = 2*c**3 + 65*c**2 + 525*c + 52. Give l(-18).
-2
Let u(k) = k**3 + 10*k**2 + 16*k + 44. Give u(-8).
44
Let o(u) = u**3 + 2*u**2 - 2*u + 22. Calculate o(-5).
-43
Let b(i) = -8*i**2 - 11*i + 83. Determine b(4).
-89
Let o(p) = 28*p**2 - 25*p - 53. Calculate o(-1).
0
Let r(z) = 3*z**3 - 2*z**2 + 18*z + 52. Calculate r(-2).
-16
Let g(c) = c**3 + 11*c**2 - 48*c - 15. What is g(-14)?
69
Let t(b) = 4*b**2 - 167*b - 214. Determine t(43).
1
Let j(g) = -16*g**2 + 9*g + 25. Give j(-3).
-146
Let w(m) = 96*m**3 + 3*m**2 + 10*m + 7. Determine w(-1).
-96
Let c(t) = 5*t**2 - 9*t - 5. Give c(-4).
111
Let q(o) = -o**2 - 16*o + 21. Calculate q(-16).
21
Let o(x) = -43*x - 21. Calculate o(-1).
22
Let a(w) = 29*w**2 - 90*w + 92. What is a(1)?
31
Let j(p) = -282*p - 14993. Determine j(-53).
-47
Let c(o) = o**2 - 218*o - 1571. Determine c(-7).
4
Let r(w) = 2*w**3 - 40*w**2 + 66*w - 579. Determine r(19).
-47
Let r(z) = -4*z**2 + 17*z + 14. Determine r(12).
-358
Let i(l) = 5*l**2 - 422*l - 3975. Give i(93).
24
Let f(h) = -794*h - 4713. Determine f(-6).
51
Let j(y) = y**2 + 31*y - 333. Determine j(9).
27
Let t(r) = r**3 - 6*r**2 + 2*r + 1. Determine t(2).
-11
Let a(t) = -22*t**3 - 85*t**2 + 6*t - 18. What is a(-4)?
6
Let w(p) = -354*p - 6000. What is w(-17)?
18
Let c(u) = -76*u - 1007. What is c(-13)?
-19
Let x(u) = 3*u**2 + 152*u + 523. Determine x(-47).
6
Let y(b) = -7*b**2 + 94*b + 96. Give y(-1).
-5
Let p(n) = -n**3 + 10*n**2 - 51*n + 261. Determine p(8).
-19
Let l(r) = 33*r + 9. Calculate l(-1).
-24
Let x(h) = -h**3 + 31*h**2 - 78*h + 1317. Give x(30).
-123
Let c(s) = 17*s - 459. Determine c(26).
-17
Let m(r) = r**2 + 118*r + 894. Determine m(-9).
-87
Let w(i) = 792*i - 11073. Calculate w(14).
15
Let m(v) = v**2 - 341*v - 4243. Calculate m(-12).
-7
Let n(w) = -w**3 + 53*w**2 + 46*w + 71. Give n(54).
-361
Let c(a) = -24*a**2 + 145*a - 24. What is c(7)?
-185
Let x(s) = -6*s**2 - 1203*s + 23597. Determine x(18).
-1
Let q(k) = -44*k + 26. Give q(-1).
70
Let p(r) = -159*r - 482. What is p(-3)?
-5
Let x(w) = 94*w + 8023. Calculate x(-85).
33
Let d(o) = 5*o**2 + 1146*o + 4557. Calculate d(-4).
53
Let d(c) = -2*c**2 - 123*c - 835. Calculate d(-8).
21
Let f(d) = -21*d**2 + 64*d - 5. Calculate f(3).
-2
Let j(s) = 27*s + 405. Give j(-16).
-27
Let f(o) = -36*o - 7100. What is f(-197)?
-8
Let t(x) = -229*x - 2451. Give t(-11).
68
Let y(k) = -k**3 - 48*k**2 - 134*k + 119. Determine y(-45).
74
Let f(m) = -m**3 - 50*m**2 + 220*m - 11. What is f(4)?
5
Let o(i) = 2*i**2 - 145*i + 169. Calculate o(71).
-44
Let w(c) = c**3 + 28*c**2 - 59*c + 1048. Calculate w(-31).
-6
Let t(u) = 100*u**2 + 598*u - 13. Determine t(-6).
-1
Let f(o) = o**3 - 71*o**2 + 264*o + 271. Give f(67).
3
Let i(p) = -p**3 + 33*p**2 - 36*p + 119. Give i(32).
-9
Let y(a) = -a**3 - 64*a**2 + 8*a + 517. Calculate y(-64).
5
Let t(n) = -n**3 - 13*n**2 + 28*n - 43. Give t(-15).
-13
Let y(i) = 18*i + 1752. Give y(-97).
6
Let s(d) = -d**3 + 81*d**2 + 76*d + 7426. Give s(83).
-44
Let h(t) = t**3 + 17*t**2 - 38*t + 443. Give h(-20).
3
Let f(j) = 139*j - 2. Calculate f(1).
137
Let m(u) = -40*u + 524. Determine m(13).
4
Let s(z) = -1906*z + 9529. Determine s(5).
-1
Let p(z) = -3*z + 174. Determine p(50).
24
Let x(c) = 30*c + 379. Determine x(-13).
-11
Let w(t) = -3*t**2 + 607*t - 2004. Give w(199).
-14
Let u(d) = 39*d**3 - 7*d**2 - d - 4. What is u(2)?
278
Let l(a) = -37*a - 1929. Give l(-52).
-5
Let o(k) = 2*k**3 - 40*k**2 + 37*k + 16. Determine o(20).
756
Let i(j) = 8*j**3 - 1806*j**2 - 451*j - 239. Give i(226).
-13
Let m(c) = -c**3 + 30*c**2 + 159*c + 563. What is m(35)?
3
Let f(k) = 3*k**2 + 60*k + 4. What is f(-18)?
-104
Let v(n) = 34*n + 144. What is v(-5)?
-26
Let x(n) = -456*n - 2322. What is x(-5)?
-42
Let i(d) = 23794*d - 95182. What is i(4)?
-6
Let r(m) = -100*m**3 - 4*m - 3. Give r(-1).
101
Let u(l) = -10*l**2 + 49*l + 14. Give u(5).
9
Let y(g) = 2*g**3 - 396*g**2 + 8. What is y(0)?
8
Let b(v) = -v**3 - 13*v**2 - 12*v - 28. Determine b(-12).
-28
Let p(v) = 67*v + 3603. Give p(-54).
-15
Let p(t) = -25*t - 1053. Determine p(-42).
-3
Let r(p) = -p**3 + p**2 + 45*p - 79. Calculate r(6).
11
Let a(p) = -1024*p + 9174. Calculate a(9).
-42
Let r(j) = -2*j**3 - 54*j**2 - 144*j + 5. What is r(-24)?
5
Let v(h) = -14682*h + 44034. Calculate v(3).
-12
Let f(o) = 464*o + 11136. Determine f(-24).
0
Let o(k) = -51*k + 106. Calculate o(6).
-200
Let k(r) = 5*r**2 + 89*r + 251. Calculate k(-14).
-15
Let m(x) = -x**3 + 42*x**2 + 10*x - 449. What is m(42)?
-29
Let s(g) = -118*g + 369. Determine s(3).
15
Let c(l) = l**3 - 10*l**2 - 24*l + 10. Determine c(12).
10
Let h(u) = -1017*u - 87454. Calculate h(-86).
8
Let d(c) = c**2 + 47*c - 688. What is d(11)?
-50
Let m(r) = r**3 - 9*r**2 + 49*r - 102. What is m(3)?
-9
Let k(a) = 7*a**2 - 2*a - 6. What is k(-5)?
179
Let p(m) = -m + 77. Calculate p(73).
4
Let v(r) = 481*r + 4335. Determine v(-9).
6
Let t(a) = 14*a**3 - 287*a**2 - 287*a. Give t(-1).
-14
Let b(n) = 10*n - 27. Calculate b(-10).
-127
Let k(l) = -41*l**2 + 205*l + 6. Give k(5).
6
Let x(z) = -702*z + 84936. What is x(121)?
-6
Let t(q) = -47*q + 232. What is t(14)?
-426
Let c(q) = 26*q - 1259. What is c(49)?
15
Let v(n) = 110*n**2 + 21*n + 28. What is v(-2)?
426
Let d(m) = -73*m**2 - 4025*m - 545. What is d(-55)?
5
Let l(w) = -2*w + 117. What is l(48)?
21
Let l(q) = q**3 + 15*q**2 - 7*q + 5. What is l(-16)?
-139
Let x(b) = 11*b**2 + 477*b - 181. Give x(-44).
127
Let i(j) = -j**3 - 5*j**2 + 46*j + 194. Give i(-5).
-36
Let p(i) = -8*i**2 - 53*i + 21. Determine p(-7).
0
Let s(w) = 29*w - 878. What is s(30)?
-8
Let g(b) = b**3 + 45*b**2 - 52*b - 264. Determine g(-46).
12
Let o(d) = -5*d**2 - 70*d + 45. Give o(-14).
45
Let d(p) = -44*p - 53. Determine d(-3).
79
Let b(z) = z**3 + 53*z**2 + 202*z + 62. What is b(-49)?
-232
Let k(v) = -v**3 - 21*v**2 - 69*v - 1446. What is k(-21)?
3
Let y(b) = -2*b**2 - 15*b + 885. Give y(23).
-518
Let n(p) = -1173*p**3 - 7038*p**2 + 5*p + 24. Give n(-6).
-6
Let w(m) = 636*m - 1273. Determine w(2).
-1
Let g(a) = 16*a + 1377. Calculate g(-85).
17
Let i(r) = -3*r**2 - 239*r - 388. Calculate i(-78).
2
Let b(c) = 3*c**2 + 54*c - 1. What is b(-12)?
-217
Let b(j) = -j**3 + 6*j**2 + 43*j - 196. Calculate b(4).
8
Let z(u) = -u**3 - 15*u**2 + 68*u - 139. What is z(-19)?
13
Let m(k) = 40*k**2 - 1803*k + 129. What is m(45)?
-6
Let a(n) = n**2 - n - 48. Calculate a(-9).
42
Let u(l) = 5*l**2 + 21*l - 118. Calculate u(5).
112
Let n(t) = -16*t + 539. Calculate n(32).
27
Let k(u) = 373*u - 4501. Determine k(12).
-25
Let y(b) = -145*b**2 + 726*b - 2. Calculate y(5).
3
Let t(u) = 4*u**2 - 7